 - 3*x + 2 = 0. What is the units digit of h?
1
Let l = 3 + -1. Suppose -19 = -4*t + 2*t - j, -l*t + 4*j + 44 = 0. What is the tens digit of t?
1
Let a(y) = -2*y**3 - 2*y**2 - 2*y - 1. Let r be a(-1). Let m = r + -1. What is the units digit of (m + -1)/(2/(-4))?
2
Suppose -4*r + d = -91, 0 = 5*r + 4*d - 150 + 31. What is the tens digit of r?
2
Let o be (12/16)/((-1)/64). Let c be ((-6)/4)/(9/o). Suppose 0*p + 55 = 5*y + 2*p, 2*p = 2*y - c. What is the units digit of y?
9
Let g(l) = -l**2 + 4*l + 8. Let s be g(5). Suppose -s*b = -4*x + 72, -4*x + b + 72 = -b. What is the units digit of x?
8
Let h(o) = o**3 + 5*o**2 - 2*o + 5. Let k be h(-4). Suppose -i - k - 8 = 3*r, 4*r + 46 = -2*i. What is the units digit of r/(-3) - (-2)/(-3)?
4
Let h(l) = 10*l**2 - 2*l + 3. Let d be h(2). Suppose -2*t - 15 + 91 = -3*x, 5*t = -x - 31. Let o = d + x. What is the units digit of o?
3
Let o(s) = -s**3 - 8*s**2 + 3*s - 9. What is the units digit of o(-9)?
5
Let g(y) = -13*y**2 + 26*y - 31. Let m(x) = 7*x**2 - 13*x + 15. Let w(c) = -6*g(c) - 11*m(c). What is the tens digit of w(14)?
3
Let z be (-73)/(-5) - (-2)/5. Suppose 3*j = 4*v + 35, -2*v - 2*v - z = j. What is the units digit of j?
5
Suppose 9*p = 6*p. Let j(l) = -l**2 + 4*l + 1. Let f be j(3). Suppose 3*a + 15 = -p*a, f*a = d - 22. What is the units digit of d?
2
Let u(o) = o - 5. Let z be u(5). Suppose 3*s - 8 = -4*v + 6, 23 = 5*v + s. Suppose z = 5*a - v. What is the units digit of a?
1
Suppose -6 = -5*o + 3*o. Suppose o*j + 0*j = 3. Suppose 8 + j = m. What is the units digit of m?
9
Let z be (4/5)/((-2)/(-25)). Let y = z + -6. Suppose -y*o - o + 65 = 0. What is the units digit of o?
3
Suppose 8 = 4*x, 5*x - 2 = -l - 3*l. Let y(z) = -z**3 - z**2 - 1. What is the units digit of y(l)?
3
Let h(f) = -229*f**3 + 1. Let m be h(-1). Suppose -5*j + 2*s = -m - 586, -4*j + s = -654. What is the units digit of 4/14 + j/14?
2
Let s(i) = i**3 + i**2 - 2*i + 2. What is the tens digit of s(3)?
3
Let z be (9/3 - 2) + 1. What is the units digit of (-21)/28*(-32)/z?
2
Suppose 8*z - 6*z - 44 = 0. What is the units digit of z?
2
Suppose 13*g - 765 = 8*g. What is the units digit of g?
3
Suppose 0 = -4*k + 3*l + 193, 5*k - k - l - 187 = 0. What is the tens digit of k?
4
Let u = -2 + 6. Suppose 2*r - u*b + 27 = 5*r, 18 = 2*r + 3*b. What is the units digit of r?
9
Let r be ((-7)/3)/((-1)/9). Suppose 0 = -3*h - 4*s + s + 12, 0 = -5*h - 3*s + 20. Suppose -h*j + r - 5 = 0. What is the units digit of j?
4
Suppose -2*i = -157 + 1. What is the units digit of i?
8
Suppose -4*r = -3 - 1. Let i be (3/(-3) - -2) + 33. What is the units digit of r/3 + i/6?
6
Suppose 6 = s - 0*s. Suppose -12 = -3*y - 2*k + s, -2*k + 26 = 5*y. What is the units digit of y?
4
Let g be -1 + (0 - -2) + 4. Suppose -g*l + 64 = 2*k, -4*l + 58 = l - k. Suppose 6*h = 3*h + 2*t + l, 12 = -4*t. What is the units digit of h?
2
What is the units digit of ((-19)/2)/(1/(-2))?
9
Let h be (13/(-39))/((-1)/33). Let o = h + 34. What is the tens digit of o?
4
Let d = -16 + 30. What is the units digit of d - (-5 + 1 - 0)?
8
Suppose -a = 4*s + 9 - 46, 5*a = -s + 128. Let m = a + -12. Let y = m + -9. What is the units digit of y?
4
Let h(t) = -t**3 - 7*t**2 + 0*t**2 - t + 2 - 4*t. What is the tens digit of h(-7)?
3
Suppose 16 = -3*z + 7*z. Suppose z*u + 20 - 60 = 0. What is the tens digit of u?
1
Suppose 5*f = -5*k + 50, -4*f - 32 = -2*k - 9*f. Let p(m) = 2*m - 2. What is the units digit of p(k)?
0
Let m be 10/(-15)*9/(-2). Suppose -z = -4*a - 11, 2*z + 9 = 3*z - 3*a. Suppose 4*w - 39 = -m*c, -3*w + z*c + c + 48 = 0. What is the tens digit of w?
1
What is the tens digit of (2 + (-21)/9)*-159?
5
Let q(h) = h**2 + h - 1. Let v be q(1). Let d be (3 + -3)/(v + 0). Suppose -2*f - 3 + 5 = d. What is the units digit of f?
1
Let w = 9 - -1. Let s = w - 6. Let k = -3 + s. What is the units digit of k?
1
Suppose 3*y - j - 43 = 0, y + 5*j = -0*y + 41. What is the units digit of y?
6
Let r be (-50)/13 - (-2)/(-13). Let i(j) = -j + 2. What is the units digit of i(r)?
6
Suppose z + 5*s - 2 = 0, -6 = -3*z - 7*s + 2*s. Suppose z*j - 3*b - 54 = -j, 0 = -5*j - 3*b + 74. What is the tens digit of j?
1
What is the tens digit of (-1)/(-6) + (-6965)/(-42)?
6
Let v(y) = -y**3 - 11*y**2 + 10*y - 1. Let o be v(-12). Let s = o + 2. What is the tens digit of s?
2
Let k be 24 + (0 + 1 - 2). Let a = k + -15. Suppose a*q = 3*q + 30. What is the units digit of q?
6
Suppose -10 = -4*l + 2. Suppose 0*x - 39 = -l*x. What is the units digit of x?
3
Suppose 0 = -f - 2*o + 4, 0 = 3*f - 5*o + 6*o - 7. Suppose -3*b = -f*b - 20. Suppose 5*r = 10, 5*p - r + 2 = b. What is the units digit of p?
4
Let x = -147 - -249. What is the hundreds digit of x?
1
Let j(i) = -i**3 + 4*i**2 + 6*i + 2. Let r be j(5). Suppose -2*y + r = 4*f - 5, -f = y - 1. What is the units digit of f?
5
Let d = -33 + 48. Let i = d + -10. Suppose -6 = -i*n + 29. What is the units digit of n?
7
Let v be 4 + -33 + 4 + 0. What is the tens digit of ((-80)/v)/((-2)/(-10))?
1
Suppose z + 45 = -4*z. Let w = 18 + z. Let y = w - 7. What is the units digit of y?
2
Let d(k) = k**2 + 6. What is the units digit of d(-5)?
1
Suppose 5*v + 2 = 22. Suppose -s = -4*z - z - 20, 3*z - 34 = -v*s. What is the tens digit of s?
1
Let h(f) = 5*f + 5. Let g(c) = 1. Let r(k) = 6*g(k) - h(k). Let s be r(-1). What is the units digit of 1/3 + 46/s?
8
Let y(p) = 2*p**3 - 4*p**2 + p + 2. Let h be y(2). Suppose 0 = -f - 0*f + h. What is the units digit of f?
4
Suppose 3*b = 2*b + 15. Let m = b + 8. What is the tens digit of m?
2
Let m = -9 + 1. Let o(a) = 5*a**2 - 9*a + 12. Let i(v) = -3*v**2 + 4*v - 6. Let f(d) = 7*i(d) + 4*o(d). What is the units digit of f(m)?
6
What is the units digit of (-1765)/(-25) + (26/(-10) - -3)?
1
Let i(l) = -l**2 + 2*l + 3. Let z be i(-2). Let a(m) = -m**2 - 6*m + 2. Let b be a(z). Suppose -2*q = 1 - b, -4*t - 3*q + 45 = 0. What is the units digit of t?
9
Suppose 5*w + 336 = -109. Let f = w + 164. What is the units digit of (-16)/6*f/(-20)?
0
Suppose 4*p + 0*p = 24. What is the units digit of p?
6
Let x(n) = -n**3 + 5*n**2 + 3. Let z be x(5). Suppose z*b - 16 = -b. Suppose -2*v = -5*o + 13, -b = -2*v - o + 1. What is the units digit of v?
1
Let b(l) = -2 - 3 + 3*l + 0*l - 4*l. What is the tens digit of b(-15)?
1
Let i(a) = 18*a - 1. What is the tens digit of i(5)?
8
Suppose -2*t = -0*t - 104. What is the units digit of t?
2
Let l(s) be the third derivative of -s**6/120 + s**5/10 - s**4/12 + s**3/3 + 8*s**2. What is the units digit of l(4)?
6
Suppose n + 1 = 2. What is the units digit of n + 2 - (-5 + 7)?
1
Let q(b) = b**3 - b**2 + b + 1. Let y(k) = -6*k**3 + 11*k**2 - 8*k - 3. Let l(t) = 5*q(t) + y(t). Suppose 2*u - 6*u = -20. What is the units digit of l(u)?
2
Let d(v) = 2*v. Let w be d(1). Let m(y) = -24*y + 3. Let f be m(w). Let x = f - -66. What is the tens digit of x?
2
Suppose -8*m + 2*m = -1614. What is the hundreds digit of m?
2
Let q(r) = 26*r**2 - r - 1. What is the tens digit of q(-1)?
2
Suppose 3*s = -71 - 220. Let x = -59 - s. What is the tens digit of x?
3
What is the units digit of (-2 - 487)/(9/(-6))?
6
Suppose -8 = f - 3*f. Suppose 0*a + 2*a + 22 = f*p, -3*p = -5*a - 34. Suppose b = -p*n + 23, 4 - 2 = -2*b. What is the units digit of n?
8
Let g be (0 + -2)/(2/(-3)). Suppose 4*i + 0 = 8. Let l = g - i. What is the units digit of l?
1
Suppose 0 = 7*t - 2*t + 4*c - 662, -5*c - 680 = -5*t. What is the tens digit of t?
3
Let i(k) = 5*k**2 - 4*k + 7. Let m be 6/(3*(-3)/6). Let s(z) = 6*z**2 - 5*z + 8. Let b(h) = m*s(h) + 5*i(h). What is the units digit of b(0)?
3
What is the tens digit of 2/5 + 1328/80?
1
Let k = -66 + 118. What is the units digit of k?
2
What is the tens digit of 1/((-1)/(-2)) + (2 - -19)?
2
Suppose 5*f + 10 = 3*p, -2*p + f + 2 = -3*p. Suppose p = -3*a - 4 + 10. Suppose k - 5*j + j = 7, 0 = 2*k + a*j - 4. What is the units digit of k?
3
Suppose 2*r + 14 = 4*p, -4 = -2*p - 3*r - 1. Let o = p - 8. Let t = -2 - o. What is the units digit of t?
3
Let k = -661 + 969. What is the units digit of k?
8
Let o = -35 + 82. What is the units digit of o?
7
Let o(g) = -4*g**2 + g**2 + 2*g**2 + 3. Let j be o(-3). Let y(p) = p**3 + 6*p**2 - 2*p - 8. What is the units digit of y(j)?
4
Suppose 5*n + 3*i + 29 = 0, -4*n - n - 26 = 2*i. Let r =